t m(q) = -q**2 - 4*q - 5. Suppose 5*t + 2*o + 21 = 0, -o + 26 - 4 = -4*t. Give m(t).
-10
Let w(a) be the third derivative of 0 + 0*a**4 + 0*a - 13*a**2 + 0*a**3 - 1/12*a**5. What is w(-1)?
-5
Suppose -5*d - 4*b - 39 - 45 = 0, -5*d - 3*b = 88. Let f(a) = -a**2 - 20*a - 5. Calculate f(d).
-5
Let k(y) be the second derivative of y**6/720 - y**5/40 - 37*y**4/12 + 27*y. Let p(f) be the third derivative of k(f). What is p(-8)?
-11
Let s(l) = -l**2 + 5*l + 5. Let b be s(5). Suppose b*m = -5, 0*m - 5*m = -k. Let w(f) = 3*f**2 - 8*f**2 - 4*f**3 - 2 + 3*f**3 + 7. What is w(k)?
5
Let d(n) = 7*n - 2. Let l(q) = -4*q + 5. Let x(h) = -h + 1. Let b(i) = -2*l(i) + 11*x(i). Let p(z) = -5*b(z) - 2*d(z). Give p(-1).
-2
Let w(a) = -a + 14. Let k(c) = -c**2 - 6*c + 79. Let i be k(-12). What is w(i)?
7
Suppose -18*o + 13*o = -10. Let j(n) = 1 - o - n + 3*n**2 + 0 - n. Give j(2).
7
Let y = -3 - -2. Let b(h) be the second derivative of -1/6*h**3 + 0 - h**2 - 9*h. What is b(y)?
-1
Suppose 3 = h - 4*h. Let q be (4/(-6))/(h/18). Suppose -3*s = q - 0. Let c(t) = -t**2 - 5*t + 1. Determine c(s).
5
Let y(s) be the third derivative of s**4/24 - s**3/3 - 33*s**2. Determine y(3).
1
Let p be (-24)/9*-3 + -2. Suppose -p*b + 16 = -4*b. Let s(r) = -2 + 4*r + b*r - 13*r. Determine s(-6).
4
Let i(m) be the first derivative of m**2/2 - 2*m - 1. Suppose -1 = 3*a + 5, 10 = 2*x - 2*a. Suppose -5*w + 2*z + x*z = 45, -2*w + 5*z = 27. Calculate i(w).
-8
Let w(o) be the first derivative of o**2 - o + 12. Calculate w(3).
5
Let n(c) = -5*c + 57. Let s be n(13). Let y(t) = -t**3 - 8*t**2 + t + 10. Determine y(s).
2
Let a(o) = o - 1. Let w = 18 + -12. Suppose -24 = -0*l + w*l. Give a(l).
-5
Let q(k) = -k**2 + 8*k**2 + 4*k**3 - 3*k**3. Let w(f) = -f**3 + 11*f**2 - 23*f - 27. Let l be w(4). Calculate q(l).
0
Let n(o) be the first derivative of -o**5/40 - o**4/8 - o**3/3 - 1. Let y(f) be the third derivative of n(f). Let r be (6886/330 - 21) + (-86)/30. Give y(r).
6
Let p(t) be the third derivative of t**5/60 + t**3/3 - 1742*t**2. Suppose o = -5*i - 0 - 13, -16 = 4*i - 2*o. Determine p(i).
11
Suppose -14*f = -21*f - 7. Let h(l) = 11*l - 1. Give h(f).
-12
Suppose -4*f + h - 29 = 0, 4*h = 6*f - f + 50. Let c(n) = n**2 + 12*n + 13. Give c(f).
-23
Let y(u) = u + 0*u + 4 - 2*u. Suppose 9*p - 302 = -347. Calculate y(p).
9
Suppose -5 = -4*s + 3*s. Let i(m) = -m**2 + m - s - 2*m + 2*m**2. Determine i(4).
7
Suppose -4*g = -a - 27, -3*a = 5*g - 0*a - 21. Suppose u + 0*u + g = -2*w, -3*u - 2 = -2*w. Let j(h) = h**2 + h + 1. Determine j(u).
3
Let l(u) = -u**3 - u**2 + 5*u + 2. Let r be 455/182*(1 - 22/10). Calculate l(r).
5
Let m(l) = -l + 1. Let z(s) = -2*s**2 + 2*s + 8. Let x(i) = -m(i) + z(i). Give x(5).
-28
Suppose -q - q - 12 = 2*f, -4*q = -f - 11. Let u(l) = 3*l - 12. Give u(f).
-33
Let r be -3 - (0/(-3) - 6). Let w(s) be the first derivative of 9 + 4*s - 1/2*s**2. Calculate w(r).
1
Let b(r) = -2 - 2*r - 2 - 5*r - r. Determine b(3).
-28
Suppose i + 12 = -4*y, y = -4*i - 2*y + 17. Let m(h) = h - i + 21 + 0*h - 7. What is m(-6)?
0
Let v = 10 + -8. Let l(h) be the first derivative of h**4/4 - 2*h**3/3 + h**2/2 - 2*h - 50. What is l(v)?
0
Let y(p) = 14*p**2 - 5*p + 10. Let q(v) = 5*v**2 - v + 3. Let s(f) = -11*q(f) + 4*y(f). Determine s(9).
7
Let q(p) = -11*p - 10*p - 6 - 6*p + 28*p. Determine q(2).
-4
Let z be (-10)/(-2) + (-10 - -6). Let i(w) = -7 + 4 - 5*w + w**2 - z. Calculate i(4).
-8
Let i(w) = w + 10. Let s be 9/27 - (-14)/(-6). Let m = s - -2. Give i(m).
10
Suppose 13 = 5*v + p - 12, -v - 9 = 3*p. Let m(x) = -x**3 + 7*x**2 - 5*x - 3. What is m(v)?
3
Let b = -180 + 337. Let o(j) = 1 + 153*j + 2*j**2 - b*j + 0. Give o(3).
7
Suppose -s = 2*h - 3 + 4, -3*h + 11 = 4*s. Let n = -109 - -111. Let g(k) = s - 2*k - 2 + k + 2*k**n - 2. Calculate g(1).
2
Let r(a) = a**2 + 7*a - 15. Suppose 7*p + 36 = -27. Determine r(p).
3
Let v(q) = -q**3 - 7*q**2 + 11*q + 12. Suppose 0 = -5*p + 4*z - 36, 5 = -z + 4. Give v(p).
-12
Let t(o) be the second derivative of o**6/120 + 7*o**5/60 + 5*o**4/24 - o**3/2 - 3*o**2 - 20*o. Let h(d) be the first derivative of t(d). Calculate h(-5).
22
Let z(t) = t**2 - 24*t - 29. Let r(x) = -3*x**2 + 49*x + 63. Let h(f) = 3*r(f) + 7*z(f). What is h(-11)?
-25
Let k(x) = -x + 2. Suppose -422 = -5*d - 472. Determine k(d).
12
Let m(o) = o**2 - 3*o - 4. Let f be m(5). Let t(j) = -1 + 2*j + j - f*j. Let l = -18 - -17. What is t(l)?
2
Let r(c) = -2*c**2 - 1. Let u(j) = -j**2 - 1. Let v(n) = -4*r(n) + 5*u(n). Let y(w) = -w - 1. Let k be ((3*2)/2)/(15/(-10)). Let g be y(k). What is v(g)?
2
Let b(g) = g**3 + g**2 + 2*g + 2. Let o be b(2). Let l = -3 - -5. Suppose l*y - 4 = -o. Let p(v) = -v**2 - 8*v + 2. What is p(y)?
9
Let p(w) = 2*w**3 + 4*w**2 + 3*w + 1. Let v be p(-2). Let x(n) be the third derivative of n**6/120 + n**5/15 - 5*n**4/24 - n**3 - n**2. Calculate x(v).
-6
Let z(y) = 15*y**2 - 6*y + 8. Let i(a) = -4*a**2 + a - 1. Let n(p) = -4*i(p) - z(p). What is n(-4)?
4
Let x(f) = f**3 - 3*f**2 - 3*f + 2. Let k be 1/(4/104*-2). Let s = -1 - k. Suppose l = -2*r + 13, l - s - 13 = -5*r. What is x(r)?
6
Let x be 52/24 + (-1)/6. Let j(t) = 3*t**3 - 6*t**2 - 10*t + 13. Let m(p) = -2*p**3 + 4*p**2 + 7*p - 9. Let y(s) = -5*j(s) - 7*m(s). Calculate y(x).
0
Let u(p) = -6*p**2 + 67*p - 140. Let a(h) = h**2 - 11*h + 23. Let d(t) = -13*a(t) - 2*u(t). Determine d(6).
-1
Let g be 2742/(-5)*30/(-9). Let i(x) = -x - 1820 + g - x. Calculate i(9).
-10
Let j(l) be the third derivative of 1/6*l**4 + 0 + 0*l + 1/2*l**3 - 28*l**2. Let z = 4 - 7. Give j(z).
-9
Suppose 39 = -65*m + 62*m. Let o(j) = j**3 + 11*j**2 - 26*j + 4. Determine o(m).
4
Let u(m) = m - 5. Let r be 4/3 + 95/(-15) + 4. What is u(r)?
-6
Let k(n) = -2*n + 8. Let j(v) = 9*v**2 - 46*v + 11. Let h be j(5). What is k(h)?
-4
Let s(x) = 2*x + 9. Let h(p) = -p**2 + 13*p - 14. Let b be h(12). Let l(j) = -j**2 + 3*j + 4. Let y be l(b). Give s(y).
-3
Let r(f) = 1 + 1 - 7*f**2 - 1 - 4*f**3 + 3*f**3 + 2*f**2 + 2*f. What is r(-5)?
-9
Let j(n) = n**2 - 11*n - 7. Let k be j(11). Let u(m) = m**3 + m**2 + 0*m**3 - 4*m**2 - 8 + 9*m**2 - 8*m. Determine u(k).
-1
Let r(p) = 0*p + 7*p - 8*p - 4 + 3 + 0. Calculate r(-2).
1
Let z(j) = -j + 8. Let f be z(7). Let m(p) = -p**2 - 7*p - 1. Let y(h) = h. Let w(o) = f*y(o) + m(o). Let l be ((-8)/6)/(4/18). Give w(l).
-1
Let k(z) = -z**3 - 7*z**2 - z - 3. Let h be ((-60)/(-9)*6)/1. Suppose -2*a - 5*r + 11 = 0, 3*r - 2*r - h = 5*a. Determine k(a).
4
Let b(a) = 4 + 56*a - 103*a + 50*a + 0*a**2 + a**2. Let m be b(-3). Let l(k) = k - 4. Calculate l(m).
0
Let f(w) = -w - 1. Let h(t) = -13. Let k(x) = -54. Let o(d) = -9*h(d) + 2*k(d). Let y(z) = -f(z) + o(z). Calculate y(-9).
1
Let p(q) = 65*q**3 - 13*q**2 + 6*q - 4. Let m(z) = 45*z**3 - 9*z**2 + 4*z - 3. Let s(f) = 7*m(f) - 5*p(f). Give s(2).
-77
Suppose p = 2*p - 2. Let c(b) = 2 + 1 - 5*b**2 - 4*b**3 + 2*b**2 + 5*b**3 - 2*b. Determine c(p).
-5
Suppose -n - 3*v = 12, 6 + 6 = -3*n + 3*v. Let x(m) be the second derivative of 1/2*m**4 - 3*m**2 + 0 - 1/3*m**3 + 9*m + 1/20*m**5. Calculate x(n).
6
Let n(h) = -4*h**2 + h + 1. Let x(b) = b**2 - 16*b. Let s be x(16). Suppose s - 2 = 2*m. Give n(m).
-4
Suppose -3*x + 1 = -0*x - 5*n, x - 4*n + 9 = 0. Suppose 2*m = x + 1. Let o(b) = -6*b - 2*b**2 + b + 2*b + 3*b**2. Determine o(m).
4
Suppose 4*h + 14 = 2. Let q(c) be the third derivative of -c**5/60 - c**4/24 + 2*c**3/3 + 8*c**2 - 1. What is q(h)?
-2
Let g(z) = -z**2 + 11*z - 9. Let v = 18 - 11. What is g(v)?
19
Let t be 6/3 - ((-30)/(-5) - 8). Let q(z) be the first derivative of -4*z - 3*z**2 - 5/3*z**3 + 5 + 1/4*z**t. What is q(6)?
-4
Let r(x) = 10*x**3 + x**2 + 2*x + 1. Let k = 70 + -58. Suppose 4 - k = 8*z. Give r(z).
-10
Suppose 3*o = 157 + 239. Let j = -138 + o. Let v(n) = -n**2 - 5*n + 1. Give v(j).
-5
Let a(t) = -12*t**2 - t - 1. Let l(p) be the second derivative of p**4 + p**3/6 + p**2/2 - 4*p. Let s(r) = -3*a(r) - 2*l(r). Calculate s(-1).
12
Let v(g) be the third derivative of 0*g - 1/360*g**6 + 1/24*g**5 + 0 - 9*g**2 + 7/6*g**3 + 1/8*g**4. Let t(s) be the first derivative of v(s). Determine t(5).
3
Let f(d) be the first derivative of -5/2*d**2 - 1/4*d**4 + 14 - 3*d + 7/3*d**3. Determine f(6).
3
Let f(q) = q + 9. Let z = -73 - -71. Let d be (-6 - z)*7/(112/20). What is f(d)?
4
Let k be 1